{"id":42,"date":"2011-06-23T14:09:17","date_gmt":"2011-06-23T14:09:17","guid":{"rendered":"http:\/\/www.fischereiverein-wiesenfelden.de\/\/wordpress\/?page_id=42"},"modified":"2018-02-27T17:04:36","modified_gmt":"2018-02-27T17:04:36","slug":"stausee-postfelden","status":"publish","type":"page","link":"https:\/\/www.fischereiverein-wiesenfelden.de\/?page_id=42","title":{"rendered":"Stausee Postfelden"},"content":{"rendered":"<p>Am Stausee Postfelden k\u00f6nnen alle Angler des Vereins und auch auswertige Angelfreunde ihr K\u00f6nnen unter Beweis stellen.<\/p>\n<p style=\"text-align: center;\"><a href=\"http:\/\/www.fischereiverein-wiesenfelden.de\/\/wordpress\/wp-content\/uploads\/2011\/06\/IMG_0320.jpg\"><img loading=\"lazy\" decoding=\"async\" class=\"aligncenter size-large wp-image-63\" title=\"Stausee Ufer\" src=\"http:\/\/www.fischereiverein-wiesenfelden.de\/\/wordpress\/wp-content\/uploads\/2011\/06\/IMG_0320-1024x768.jpg\" alt=\"\" width=\"640\" height=\"480\" srcset=\"https:\/\/www.fischereiverein-wiesenfelden.de\/wp-content\/uploads\/2011\/06\/IMG_0320-1024x768.jpg 1024w, https:\/\/www.fischereiverein-wiesenfelden.de\/wp-content\/uploads\/2011\/06\/IMG_0320-300x225.jpg 300w, https:\/\/www.fischereiverein-wiesenfelden.de\/wp-content\/uploads\/2011\/06\/IMG_0320.jpg 1600w\" sizes=\"auto, (max-width: 640px) 100vw, 640px\" \/><\/a><\/p>\n<p>Auf einer Wasserfl\u00e4che von 13ha bietet der Stausee vielen verschiedenen Fischarten einen Lebensraum. Dadurch haben unsere Sportangler die M\u00f6glichkeit die verschiedensten Fischarten wie Waller, Karpfen oder Hecht und vieles mehr aus dem Wasser zu ziehen.<\/p>\n<p>Zum Erholen und Entspannen vom Alltagsstress bietet der See viele gem\u00fctliche Pl\u00e4tze, sodass manche Anglerfreunde ganze Tage am Stausee verbringen.<\/p>\n<p>Der Fischereiverein hat ab Sommer 2011 den Stausee f\u00fcr 10 Jahre gepachtet und w\u00fcnscht allen Anglern &#8222;Petri Heil&#8220; am Vereinsgew\u00e4sser.<\/p>\n<div id='gallery-1' class='gallery galleryid-42 gallery-columns-3 gallery-size-thumbnail'><figure class='gallery-item'>\n\t\t\t<div class='gallery-icon landscape'>\n\t\t\t\t<a href='https:\/\/www.fischereiverein-wiesenfelden.de\/?attachment_id=80'><img loading=\"lazy\" decoding=\"async\" width=\"150\" height=\"150\" src=\"https:\/\/www.fischereiverein-wiesenfelden.de\/wp-content\/uploads\/2011\/06\/IMG_0299-150x150.jpg\" class=\"attachment-thumbnail size-thumbnail\" alt=\"\" \/><\/a>\n\t\t\t<\/div><\/figure><figure class='gallery-item'>\n\t\t\t<div class='gallery-icon landscape'>\n\t\t\t\t<a href='https:\/\/www.fischereiverein-wiesenfelden.de\/?attachment_id=74'><img loading=\"lazy\" decoding=\"async\" width=\"150\" height=\"150\" src=\"https:\/\/www.fischereiverein-wiesenfelden.de\/wp-content\/uploads\/2011\/06\/IMG_0307-150x150.jpg\" class=\"attachment-thumbnail size-thumbnail\" alt=\"\" \/><\/a>\n\t\t\t<\/div><\/figure><figure class='gallery-item'>\n\t\t\t<div class='gallery-icon landscape'>\n\t\t\t\t<a href='https:\/\/www.fischereiverein-wiesenfelden.de\/?attachment_id=491'><img loading=\"lazy\" decoding=\"async\" width=\"150\" height=\"150\" src=\"https:\/\/www.fischereiverein-wiesenfelden.de\/wp-content\/uploads\/2011\/06\/IMG_0445-150x150.jpg\" class=\"attachment-thumbnail size-thumbnail\" alt=\"\" \/><\/a>\n\t\t\t<\/div><\/figure><figure class='gallery-item'>\n\t\t\t<div class='gallery-icon landscape'>\n\t\t\t\t<a href='https:\/\/www.fischereiverein-wiesenfelden.de\/?attachment_id=76'><img loading=\"lazy\" decoding=\"async\" width=\"150\" height=\"150\" src=\"https:\/\/www.fischereiverein-wiesenfelden.de\/wp-content\/uploads\/2011\/06\/IMG_0317-150x150.jpg\" class=\"attachment-thumbnail size-thumbnail\" alt=\"\" \/><\/a>\n\t\t\t<\/div><\/figure><figure class='gallery-item'>\n\t\t\t<div class='gallery-icon landscape'>\n\t\t\t\t<a href='https:\/\/www.fischereiverein-wiesenfelden.de\/?attachment_id=81'><img loading=\"lazy\" decoding=\"async\" width=\"150\" height=\"150\" src=\"https:\/\/www.fischereiverein-wiesenfelden.de\/wp-content\/uploads\/2011\/06\/IMG_0306-150x150.jpg\" class=\"attachment-thumbnail size-thumbnail\" alt=\"\" \/><\/a>\n\t\t\t<\/div><\/figure><figure class='gallery-item'>\n\t\t\t<div class='gallery-icon landscape'>\n\t\t\t\t<a href='https:\/\/www.fischereiverein-wiesenfelden.de\/?attachment_id=79'><img loading=\"lazy\" decoding=\"async\" width=\"150\" height=\"150\" src=\"https:\/\/www.fischereiverein-wiesenfelden.de\/wp-content\/uploads\/2011\/06\/Bild-Allerlei-010-150x150.jpg\" class=\"attachment-thumbnail size-thumbnail\" alt=\"\" \/><\/a>\n\t\t\t<\/div><\/figure><figure class='gallery-item'>\n\t\t\t<div class='gallery-icon landscape'>\n\t\t\t\t<a href='https:\/\/www.fischereiverein-wiesenfelden.de\/?attachment_id=63'><img loading=\"lazy\" decoding=\"async\" width=\"150\" height=\"150\" src=\"https:\/\/www.fischereiverein-wiesenfelden.de\/wp-content\/uploads\/2011\/06\/IMG_0320-150x150.jpg\" class=\"attachment-thumbnail size-thumbnail\" alt=\"\" \/><\/a>\n\t\t\t<\/div><\/figure><figure class='gallery-item'>\n\t\t\t<div class='gallery-icon landscape'>\n\t\t\t\t<a href='https:\/\/www.fischereiverein-wiesenfelden.de\/?attachment_id=492'><img loading=\"lazy\" decoding=\"async\" width=\"150\" height=\"150\" src=\"https:\/\/www.fischereiverein-wiesenfelden.de\/wp-content\/uploads\/2011\/06\/IMG_0449-150x150.jpg\" class=\"attachment-thumbnail size-thumbnail\" alt=\"\" \/><\/a>\n\t\t\t<\/div><\/figure><figure class='gallery-item'>\n\t\t\t<div class='gallery-icon landscape'>\n\t\t\t\t<a href='https:\/\/www.fischereiverein-wiesenfelden.de\/?attachment_id=613'><img loading=\"lazy\" decoding=\"async\" width=\"150\" height=\"150\" src=\"https:\/\/www.fischereiverein-wiesenfelden.de\/wp-content\/uploads\/2011\/06\/2011-09-10-15.09.00-150x150.jpg\" class=\"attachment-thumbnail size-thumbnail\" alt=\"\" \/><\/a>\n\t\t\t<\/div><\/figure><figure class='gallery-item'>\n\t\t\t<div class='gallery-icon landscape'>\n\t\t\t\t<a href='https:\/\/www.fischereiverein-wiesenfelden.de\/?attachment_id=78'><img loading=\"lazy\" decoding=\"async\" width=\"150\" height=\"150\" src=\"https:\/\/www.fischereiverein-wiesenfelden.de\/wp-content\/uploads\/2011\/06\/Bild-Allerlei-009-150x150.jpg\" class=\"attachment-thumbnail size-thumbnail\" alt=\"\" \/><\/a>\n\t\t\t<\/div><\/figure><figure class='gallery-item'>\n\t\t\t<div class='gallery-icon landscape'>\n\t\t\t\t<a href='https:\/\/www.fischereiverein-wiesenfelden.de\/?attachment_id=77'><img loading=\"lazy\" decoding=\"async\" width=\"150\" height=\"150\" src=\"https:\/\/www.fischereiverein-wiesenfelden.de\/wp-content\/uploads\/2011\/06\/IMG_0364-150x150.jpg\" class=\"attachment-thumbnail size-thumbnail\" alt=\"\" \/><\/a>\n\t\t\t<\/div><\/figure><figure class='gallery-item'>\n\t\t\t<div class='gallery-icon landscape'>\n\t\t\t\t<a href='https:\/\/www.fischereiverein-wiesenfelden.de\/?attachment_id=612'><img loading=\"lazy\" decoding=\"async\" width=\"150\" height=\"150\" src=\"https:\/\/www.fischereiverein-wiesenfelden.de\/wp-content\/uploads\/2011\/06\/2011-09-06-07.17.47-150x150.jpg\" class=\"attachment-thumbnail size-thumbnail\" alt=\"\" \/><\/a>\n\t\t\t<\/div><\/figure><figure class='gallery-item'>\n\t\t\t<div class='gallery-icon landscape'>\n\t\t\t\t<a href='https:\/\/www.fischereiverein-wiesenfelden.de\/?attachment_id=65'><img loading=\"lazy\" decoding=\"async\" width=\"150\" height=\"150\" src=\"https:\/\/www.fischereiverein-wiesenfelden.de\/wp-content\/uploads\/2011\/06\/IMG_0314-150x150.jpg\" class=\"attachment-thumbnail size-thumbnail\" alt=\"\" \/><\/a>\n\t\t\t<\/div><\/figure><figure class='gallery-item'>\n\t\t\t<div class='gallery-icon landscape'>\n\t\t\t\t<a href='https:\/\/www.fischereiverein-wiesenfelden.de\/?attachment_id=72'><img loading=\"lazy\" decoding=\"async\" width=\"150\" height=\"150\" src=\"https:\/\/www.fischereiverein-wiesenfelden.de\/wp-content\/uploads\/2011\/06\/IMG_0368-150x150.jpg\" class=\"attachment-thumbnail size-thumbnail\" alt=\"\" \/><\/a>\n\t\t\t<\/div><\/figure>\n\t\t<\/div>\n\n","protected":false},"excerpt":{"rendered":"<p>Am Stausee Postfelden k\u00f6nnen alle Angler des Vereins und auch auswertige Angelfreunde ihr K\u00f6nnen unter Beweis stellen. Auf einer Wasserfl\u00e4che von 13ha<\/p>\n<p class=\"link-more\"><a class=\"myButt \" href=\"https:\/\/www.fischereiverein-wiesenfelden.de\/?page_id=42\">Zum Beitrag<\/a><\/p>\n","protected":false},"author":2,"featured_media":0,"parent":16,"menu_order":0,"comment_status":"closed","ping_status":"closed","template":"onecolumn-page.php","meta":{"footnotes":""},"class_list":["post-42","page","type-page","status-publish","hentry"],"_links":{"self":[{"href":"https:\/\/www.fischereiverein-wiesenfelden.de\/index.php?rest_route=\/wp\/v2\/pages\/42","targetHints":{"allow":["GET"]}}],"collection":[{"href":"https:\/\/www.fischereiverein-wiesenfelden.de\/index.php?rest_route=\/wp\/v2\/pages"}],"about":[{"href":"https:\/\/www.fischereiverein-wiesenfelden.de\/index.php?rest_route=\/wp\/v2\/types\/page"}],"author":[{"embeddable":true,"href":"https:\/\/www.fischereiverein-wiesenfelden.de\/index.php?rest_route=\/wp\/v2\/users\/2"}],"replies":[{"embeddable":true,"href":"https:\/\/www.fischereiverein-wiesenfelden.de\/index.php?rest_route=%2Fwp%2Fv2%2Fcomments&post=42"}],"version-history":[{"count":15,"href":"https:\/\/www.fischereiverein-wiesenfelden.de\/index.php?rest_route=\/wp\/v2\/pages\/42\/revisions"}],"predecessor-version":[{"id":2244,"href":"https:\/\/www.fischereiverein-wiesenfelden.de\/index.php?rest_route=\/wp\/v2\/pages\/42\/revisions\/2244"}],"up":[{"embeddable":true,"href":"https:\/\/www.fischereiverein-wiesenfelden.de\/index.php?rest_route=\/wp\/v2\/pages\/16"}],"wp:attachment":[{"href":"https:\/\/www.fischereiverein-wiesenfelden.de\/index.php?rest_route=%2Fwp%2Fv2%2Fmedia&parent=42"}],"curies":[{"name":"wp","href":"https:\/\/api.w.org\/{rel}","templated":true}]}}