{"id":973,"date":"2013-04-05T21:40:27","date_gmt":"2013-04-05T21:40:27","guid":{"rendered":"http:\/\/www.fischereiverein-wiesenfelden.de\/?page_id=973"},"modified":"2025-06-05T07:12:25","modified_gmt":"2025-06-05T07:12:25","slug":"fischerkonige","status":"publish","type":"page","link":"http:\/\/www.fischereiverein-wiesenfelden.de\/?page_id=973","title":{"rendered":"Fischerk\u00f6nige"},"content":{"rendered":"<p>Hier finden sie die Fischerk\u00f6nige und Fischerk\u00f6niginnen seit der Vereinsgr\u00fcndung<\/p>\n<p><a href=\"http:\/\/www.fischereiverein-wiesenfelden.de\/wp-content\/uploads\/2025\/06\/Fischerkoenige-seit-1976.pdf\">Fischerk\u00f6nige seit 1976<\/a><\/p>\n\n\n<br>\n\n\n\n<br>\n","protected":false},"excerpt":{"rendered":"<p>Hier finden sie die Fischerk\u00f6nige und Fischerk\u00f6niginnen seit der Vereinsgr\u00fcndung Fischerk\u00f6nige seit 1976<\/p>\n","protected":false},"author":1,"featured_media":0,"parent":0,"menu_order":0,"comment_status":"closed","ping_status":"closed","template":"","meta":{"footnotes":""},"class_list":["post-973","page","type-page","status-publish","hentry"],"_links":{"self":[{"href":"http:\/\/www.fischereiverein-wiesenfelden.de\/index.php?rest_route=\/wp\/v2\/pages\/973","targetHints":{"allow":["GET"]}}],"collection":[{"href":"http:\/\/www.fischereiverein-wiesenfelden.de\/index.php?rest_route=\/wp\/v2\/pages"}],"about":[{"href":"http:\/\/www.fischereiverein-wiesenfelden.de\/index.php?rest_route=\/wp\/v2\/types\/page"}],"author":[{"embeddable":true,"href":"http:\/\/www.fischereiverein-wiesenfelden.de\/index.php?rest_route=\/wp\/v2\/users\/1"}],"replies":[{"embeddable":true,"href":"http:\/\/www.fischereiverein-wiesenfelden.de\/index.php?rest_route=%2Fwp%2Fv2%2Fcomments&post=973"}],"version-history":[{"count":18,"href":"http:\/\/www.fischereiverein-wiesenfelden.de\/index.php?rest_route=\/wp\/v2\/pages\/973\/revisions"}],"predecessor-version":[{"id":2522,"href":"http:\/\/www.fischereiverein-wiesenfelden.de\/index.php?rest_route=\/wp\/v2\/pages\/973\/revisions\/2522"}],"wp:attachment":[{"href":"http:\/\/www.fischereiverein-wiesenfelden.de\/index.php?rest_route=%2Fwp%2Fv2%2Fmedia&parent=973"}],"curies":[{"name":"wp","href":"https:\/\/api.w.org\/{rel}","templated":true}]}}