{"id":1401,"date":"2015-03-25T09:56:28","date_gmt":"2015-03-25T09:56:28","guid":{"rendered":"http:\/\/www.fischereiverein-wiesenfelden.de\/?page_id=1401"},"modified":"2026-02-21T10:02:16","modified_gmt":"2026-02-21T10:02:16","slug":"mitglied-werden","status":"publish","type":"page","link":"http:\/\/www.fischereiverein-wiesenfelden.de\/?page_id=1401","title":{"rendered":"Mitglied werden"},"content":{"rendered":"<p>Wenn Sie spa\u00df am Angeln haben, dann werden Sie Mitglied beim Fischereiverein Wiesenfelden.<\/p>\n<p>Einfach unten auf den Button &#8222;Mitglied werden&#8220; klicken und Beitrittserkl\u00e4rung, Zustimmungserkl\u00e4rung Datenschutz und SEPA Einzugserm\u00e4chtigung downloaden, ausf\u00fcllen und alle Formulare an folgende Postadresse schicken, oder selber vorbei bringen bei:<\/p>\n<h4>1. Vorsitzender<br \/>Matthias Omasmeier<br \/>Frath 8<br \/>94344 Wiesenfelden\u00a0\u00a0<\/h4>\n<p><a href=\"info@fischereiverein-wiesenfelden.de\">info@fischereiverein-wiesenfelden.de<\/a><\/p>\n<p>Tel.\u00a0 09966\/9028711<\/p>\n<p>Bei Fragen einfach Kontakt per Mail oder mit einen der Vorst\u00e4nde aufnehmen.<br \/><br \/><\/p>\n<p><a href=\"http:\/\/www.fischereiverein-wiesenfelden.de\/wp-content\/uploads\/2026\/02\/Beitrittserklaerung-Einzugsermaechtigung-Datenschutzerklaerung-Fischereiverein-Wiesenfelden.pdf\"><img loading=\"lazy\" decoding=\"async\" class=\"wp-image-2600 aligncenter\" src=\"http:\/\/www.fischereiverein-wiesenfelden.de\/wp-content\/uploads\/2026\/02\/Mitglied-werden.png\" alt=\"\" width=\"159\" height=\"91\" srcset=\"http:\/\/www.fischereiverein-wiesenfelden.de\/wp-content\/uploads\/2026\/02\/Mitglied-werden.png 1024w, http:\/\/www.fischereiverein-wiesenfelden.de\/wp-content\/uploads\/2026\/02\/Mitglied-werden-300x172.png 300w, http:\/\/www.fischereiverein-wiesenfelden.de\/wp-content\/uploads\/2026\/02\/Mitglied-werden-768x440.png 768w\" sizes=\"auto, (max-width: 159px) 100vw, 159px\" \/><\/a><\/p>\n<p><strong>Hier zur Info die aktuellen Preise f\u00fcr Vereinsmitgliedschaften<\/strong><\/p>\n\n\n<figure class=\"wp-block-table\"><table class=\"has-background has-fixed-layout\" style=\"background-color:#b9fdaa\"><tbody><tr><td class=\"has-text-align-center\" data-align=\"center\"><strong>Mitgliedschaft<\/strong><\/td><td class=\"has-text-align-center\" data-align=\"center\"><strong>Erwachsener<\/strong><\/td><td class=\"has-text-align-center\" data-align=\"center\"><strong>Jungfischer<\/strong><\/td><td class=\"has-text-align-center\" data-align=\"center\"><strong>Passiv<\/strong><\/td><\/tr><tr><td class=\"has-text-align-center\" data-align=\"center\">Jahresbeitrag<\/td><td class=\"has-text-align-center\" data-align=\"center\">30\u20ac<\/td><td class=\"has-text-align-center\" data-align=\"center\">20\u20ac<\/td><td class=\"has-text-align-center\" data-align=\"center\">20\u20ac<\/td><\/tr><tr><td class=\"has-text-align-center\" data-align=\"center\">Aufnahmegeb\u00fchr<\/td><td class=\"has-text-align-center\" data-align=\"center\">200\u20ac<\/td><td class=\"has-text-align-center\" data-align=\"center\">50\u20ac<\/td><td class=\"has-text-align-center\" data-align=\"center\">X<\/td><\/tr><\/tbody><\/table><\/figure>\n","protected":false},"excerpt":{"rendered":"<p>Wenn Sie spa\u00df am Angeln haben, dann werden Sie Mitglied beim Fischereiverein Wiesenfelden. Einfach unten auf den Button &#8222;Mitglied werden&#8220; klicken und<\/p>\n<p class=\"link-more\"><a class=\"myButt \" href=\"http:\/\/www.fischereiverein-wiesenfelden.de\/?page_id=1401\">Zum Beitrag<\/a><\/p>\n","protected":false},"author":1,"featured_media":0,"parent":0,"menu_order":0,"comment_status":"closed","ping_status":"closed","template":"","meta":{"footnotes":""},"class_list":["post-1401","page","type-page","status-publish","hentry"],"_links":{"self":[{"href":"http:\/\/www.fischereiverein-wiesenfelden.de\/index.php?rest_route=\/wp\/v2\/pages\/1401","targetHints":{"allow":["GET"]}}],"collection":[{"href":"http:\/\/www.fischereiverein-wiesenfelden.de\/index.php?rest_route=\/wp\/v2\/pages"}],"about":[{"href":"http:\/\/www.fischereiverein-wiesenfelden.de\/index.php?rest_route=\/wp\/v2\/types\/page"}],"author":[{"embeddable":true,"href":"http:\/\/www.fischereiverein-wiesenfelden.de\/index.php?rest_route=\/wp\/v2\/users\/1"}],"replies":[{"embeddable":true,"href":"http:\/\/www.fischereiverein-wiesenfelden.de\/index.php?rest_route=%2Fwp%2Fv2%2Fcomments&post=1401"}],"version-history":[{"count":29,"href":"http:\/\/www.fischereiverein-wiesenfelden.de\/index.php?rest_route=\/wp\/v2\/pages\/1401\/revisions"}],"predecessor-version":[{"id":2609,"href":"http:\/\/www.fischereiverein-wiesenfelden.de\/index.php?rest_route=\/wp\/v2\/pages\/1401\/revisions\/2609"}],"wp:attachment":[{"href":"http:\/\/www.fischereiverein-wiesenfelden.de\/index.php?rest_route=%2Fwp%2Fv2%2Fmedia&parent=1401"}],"curies":[{"name":"wp","href":"https:\/\/api.w.org\/{rel}","templated":true}]}}